{"id":130,"date":"2023-12-05T16:43:27","date_gmt":"2023-12-06T00:43:27","guid":{"rendered":"https:\/\/corvallisddc.org\/?page_id=130"},"modified":"2024-10-16T14:42:00","modified_gmt":"2024-10-16T21:42:00","slug":"contact","status":"publish","type":"page","link":"https:\/\/corvallisddc.org\/es\/contact\/","title":{"rendered":"Contacto"},"content":{"rendered":"<div class=\"wp-block-columns alignfull is-layout-flex wp-container-core-columns-is-layout-28f84493 wp-block-columns-is-layout-flex\">\n<div class=\"wp-block-column is-layout-flow wp-block-column-is-layout-flow\" style=\"flex-basis:10%\"><\/div>\n\n\n\n<div class=\"wp-block-column is-layout-flow wp-block-column-is-layout-flow\" style=\"flex-basis:80%\">\n<h2 class=\"wp-block-heading\" style=\"font-size:48px\">Cont\u00e1ctenos<\/h2>\n\n\n\n<p style=\"font-size:24px\">El Drop-in Center est\u00e1 ubicado cerca de la esquina de Western Blvd y 4<sup>el<\/sup> Calle en el centro de Corvallis, Oreg\u00f3n. Nuestro edificio est\u00e1 a una cuadra al sur del centro de Safeway.<\/p>\n<\/div>\n\n\n\n<div class=\"wp-block-column is-layout-flow wp-block-column-is-layout-flow\" style=\"flex-basis:10%\"><\/div>\n<\/div>\n\n\n\n<div style=\"min-height:400px\" data-map-attr=\"\/qaddress\/q:\/q530 SW 4th St. Corvallis, OR 97333\/q||\/qlat\/q:\/qundefined\/q||\/qlng\/q:\/qundefined\/q||\/qskin\/q:\/qstandard\/q||\/qzoom\/q:\/q17\/q||\/qiconSize\/q:\/q36\/q||\/qmapTypeControl\/q:\/qtrue\/q||\/qzoomControl\/q:\/qtrue\/q||\/qstreetViewControl\/q:\/qtrue\/q||\/qfullscreenControl\/q:\/qtrue\/q\" class=\"wp-block-coblocks-map\"><iframe title=\"Mapa de Google\" frameborder=\"0\" style=\"width:100%;min-height:400px\" src=\"https:\/\/www.google.com\/maps?q=530%20SW%204th%20St.%20Corvallis%2C%20OR%2097333&amp;output=embed&amp;hl=en-US&amp;z=17\"><\/iframe><\/div>\n\n\n\n<div style=\"height:25px\" aria-hidden=\"true\" id=\"history\" class=\"wp-block-spacer\"><\/div>\n\n\n\n<div class=\"wp-block-columns alignfull is-layout-flex wp-container-core-columns-is-layout-28f84493 wp-block-columns-is-layout-flex\">\n<div class=\"wp-block-column is-layout-flow wp-block-column-is-layout-flow\" style=\"flex-basis:10%\"><\/div>\n\n\n\n<div class=\"wp-block-column is-layout-flow wp-block-column-is-layout-flow\" style=\"flex-basis:80%\">\n<h2 class=\"wp-block-heading\" style=\"font-size:48px\">Horas<\/h2>\n\n\n\n<p style=\"font-size:24px\"><strong>Servicios sociales y de necesidades b\u00e1sicas sin cita previa<\/strong><br>9 a. m. a 12 p. m., de lunes a viernes<\/p>\n\n\n\n<p style=\"font-size:24px\"><strong>Servicios Sociales con Cita Previa<\/strong><br>12 p. m. \u2014 2 p. m., de lunes a viernes&nbsp;<\/p>\n\n\n\n<p style=\"font-size:24px\">S\u00e1bado y domingo cerrado<\/p>\n<\/div>\n\n\n\n<div class=\"wp-block-column is-layout-flow wp-block-column-is-layout-flow\" style=\"flex-basis:10%\"><\/div>\n<\/div>\n\n\n\n<div style=\"height:25px\" aria-hidden=\"true\" id=\"advocacy\" class=\"wp-block-spacer\"><\/div>\n\n\n\n<div class=\"wp-block-columns alignfull is-layout-flex wp-container-core-columns-is-layout-28f84493 wp-block-columns-is-layout-flex\">\n<div class=\"wp-block-column is-layout-flow wp-block-column-is-layout-flow\" style=\"flex-basis:10%\"><\/div>\n\n\n\n<div class=\"wp-block-column is-layout-flow wp-block-column-is-layout-flow\" style=\"flex-basis:80%\">\n<h2 class=\"wp-block-heading\" style=\"font-size:48px\">Tel\u00e9fono<\/h2>\n\n\n\n<p style=\"font-size:24px\"><strong>Principal:<\/strong> (458) 233-5327<br><strong>Programa de lanzamiento de empleo para personas sin hogar (HELP):<\/strong> (458) 262-0400<\/p>\n<\/div>\n\n\n\n<div class=\"wp-block-column is-layout-flow wp-block-column-is-layout-flow\" style=\"flex-basis:10%\"><\/div>\n<\/div>\n\n\n\n<div style=\"height:25px\" aria-hidden=\"true\" id=\"community\" class=\"wp-block-spacer\"><\/div>\n\n\n\n<div class=\"wp-block-columns alignfull is-layout-flex wp-container-core-columns-is-layout-28f84493 wp-block-columns-is-layout-flex\">\n<div class=\"wp-block-column is-layout-flow wp-block-column-is-layout-flow\" style=\"flex-basis:10%\"><\/div>\n\n\n\n<div class=\"wp-block-column is-layout-flow wp-block-column-is-layout-flow\" style=\"flex-basis:80%\">\n<h2 class=\"wp-block-heading\" style=\"font-size:48px\">Correo electr\u00f3nico<\/h2>\n\n\n\n<p style=\"font-size:24px\"><strong>General: <a href=\"mailto:info@corvallisddc.com\">info@corvallisddc.com<\/a><\/strong><\/p>\n<\/div>\n\n\n\n<div class=\"wp-block-column is-layout-flow wp-block-column-is-layout-flow\" style=\"flex-basis:10%\"><\/div>\n<\/div>\n\n\n\n<div style=\"height:25px\" aria-hidden=\"true\" id=\"community\" class=\"wp-block-spacer\"><\/div>\n\n\n\n<div class=\"wp-block-columns alignfull is-layout-flex wp-container-core-columns-is-layout-28f84493 wp-block-columns-is-layout-flex\">\n<div class=\"wp-block-column is-layout-flow wp-block-column-is-layout-flow\" style=\"flex-basis:10%\"><\/div>\n\n\n\n<div class=\"wp-block-column is-layout-flow wp-block-column-is-layout-flow\" style=\"flex-basis:80%\">\n<h2 class=\"wp-block-heading\" style=\"font-size:48px\">Direcci\u00f3n postal<\/h2>\n\n\n\n<p style=\"font-size:24px\">Centro de acogida diurno de Corvallis<br>apartado de correos 1705<br>Corvallis, OR 97339<\/p>\n<\/div>\n\n\n\n<div class=\"wp-block-column is-layout-flow wp-block-column-is-layout-flow\" style=\"flex-basis:10%\"><\/div>\n<\/div>\n\n\n\n<div style=\"height:25px\" aria-hidden=\"true\" id=\"community\" class=\"wp-block-spacer\"><\/div>\n\n\n\n<div class=\"wp-block-columns alignfull is-layout-flex wp-container-core-columns-is-layout-28f84493 wp-block-columns-is-layout-flex\">\n<div class=\"wp-block-column is-layout-flow wp-block-column-is-layout-flow\" style=\"flex-basis:10%\"><\/div>\n\n\n\n<div class=\"wp-block-column is-layout-flow wp-block-column-is-layout-flow\" style=\"flex-basis:80%\">\n<h2 class=\"wp-block-heading\" style=\"font-size:48px\">D\u00f3nde encontrarnos<\/h2>\n\n\n\n<p style=\"font-size:24px\">Centro de acogida diurno de Corvallis<br>530 SW Calle 4<br>Corvallis, OR 97333<\/p>\n<\/div>\n\n\n\n<div class=\"wp-block-column is-layout-flow wp-block-column-is-layout-flow\" style=\"flex-basis:10%\"><\/div>\n<\/div>","protected":false},"excerpt":{"rendered":"<p>Cont\u00e1ctenos El centro de acogida est\u00e1 ubicado cerca de la esquina de Western Blvd y 4th Street en el centro de Corvallis, OR. Nuestro edificio est\u00e1 una cuadra al sur del centro de Safeway. Horario Necesidades b\u00e1sicas y servicios sociales sin cita previa 9 a. m. a 12 p. m., lunes a viernes Servicios sociales con cita previa 12 p. m. a 2 p. m., lunes a viernes&nbsp;<a class=\"more-link\" href=\"https:\/\/corvallisddc.org\/es\/contact\/\">sigue leyendo <span class=\"screen-reader-text\">&quot;Contacto&quot;<\/span><\/a><\/p>","protected":false},"author":212331932,"featured_media":0,"parent":0,"menu_order":0,"comment_status":"closed","ping_status":"closed","template":"","meta":{"advanced_seo_description":"","jetpack_seo_html_title":"","jetpack_seo_noindex":false,"footnotes":""},"class_list":["post-130","page","type-page","status-publish","hentry","entry"],"jetpack_likes_enabled":true,"jetpack_sharing_enabled":true,"jetpack_shortlink":"https:\/\/wp.me\/PdkkQs-26","amp_enabled":true,"_links":{"self":[{"href":"https:\/\/corvallisddc.org\/es\/wp-json\/wp\/v2\/pages\/130","targetHints":{"allow":["GET"]}}],"collection":[{"href":"https:\/\/corvallisddc.org\/es\/wp-json\/wp\/v2\/pages"}],"about":[{"href":"https:\/\/corvallisddc.org\/es\/wp-json\/wp\/v2\/types\/page"}],"author":[{"embeddable":true,"href":"https:\/\/corvallisddc.org\/es\/wp-json\/wp\/v2\/users\/212331932"}],"replies":[{"embeddable":true,"href":"https:\/\/corvallisddc.org\/es\/wp-json\/wp\/v2\/comments?post=130"}],"version-history":[{"count":34,"href":"https:\/\/corvallisddc.org\/es\/wp-json\/wp\/v2\/pages\/130\/revisions"}],"predecessor-version":[{"id":1043,"href":"https:\/\/corvallisddc.org\/es\/wp-json\/wp\/v2\/pages\/130\/revisions\/1043"}],"wp:attachment":[{"href":"https:\/\/corvallisddc.org\/es\/wp-json\/wp\/v2\/media?parent=130"}],"curies":[{"name":"gracias","href":"https:\/\/api.w.org\/{rel}","templated":true}]}}

<div class="wp-block-columns alignfull is-layout-flex wp-container-core-columns-is-layout-28f84493 wp-block-columns-is-layout-flex">
<div class="wp-block-column is-layout-flow wp-block-column-is-layout-flow" style="flex-basis:10%"></div>



<div class="wp-block-column is-layout-flow wp-block-column-is-layout-flow" style="flex-basis:80%">
<h2 class="wp-block-heading" style="font-size:48px">Contáctenos</h2>



<p style="font-size:24px">El Drop-in Center está ubicado cerca de la esquina de Western Blvd y 4<sup>el</sup> Calle en el centro de Corvallis, Oregón. Nuestro edificio está a una cuadra al sur del centro de Safeway.</p>
</div>



<div class="wp-block-column is-layout-flow wp-block-column-is-layout-flow" style="flex-basis:10%"></div>
</div>



<div style="min-height:400px" data-map-attr="/qaddress/q:/q530 SW 4th St. Corvallis, OR 97333/q||/qlat/q:/qundefined/q||/qlng/q:/qundefined/q||/qskin/q:/qstandard/q||/qzoom/q:/q17/q||/qiconSize/q:/q36/q||/qmapTypeControl/q:/qtrue/q||/qzoomControl/q:/qtrue/q||/qstreetViewControl/q:/qtrue/q||/qfullscreenControl/q:/qtrue/q" class="wp-block-coblocks-map"><iframe title="Mapa de Google" frameborder="0" style="width:100%;min-height:400px" src="https://www.google.com/maps?q=530%20SW%204th%20St.%20Corvallis%2C%20OR%2097333&amp;output=embed&amp;hl=en-US&amp;z=17"></iframe></div>



<div style="height:25px" aria-hidden="true" id="history" class="wp-block-spacer"></div>



<div class="wp-block-columns alignfull is-layout-flex wp-container-core-columns-is-layout-28f84493 wp-block-columns-is-layout-flex">
<div class="wp-block-column is-layout-flow wp-block-column-is-layout-flow" style="flex-basis:10%"></div>



<div class="wp-block-column is-layout-flow wp-block-column-is-layout-flow" style="flex-basis:80%">
<h2 class="wp-block-heading" style="font-size:48px">Horas</h2>



<p style="font-size:24px"><strong>Servicios sociales y de necesidades básicas sin cita previa</strong><br>9 a. m. a 12 p. m., de lunes a viernes</p>



<p style="font-size:24px"><strong>Servicios Sociales con Cita Previa</strong><br>12 p. m. — 2 p. m., de lunes a viernes&nbsp;</p>



<p style="font-size:24px">Sábado y domingo cerrado</p>
</div>



<div class="wp-block-column is-layout-flow wp-block-column-is-layout-flow" style="flex-basis:10%"></div>
</div>



<div style="height:25px" aria-hidden="true" id="advocacy" class="wp-block-spacer"></div>



<div class="wp-block-columns alignfull is-layout-flex wp-container-core-columns-is-layout-28f84493 wp-block-columns-is-layout-flex">
<div class="wp-block-column is-layout-flow wp-block-column-is-layout-flow" style="flex-basis:10%"></div>



<div class="wp-block-column is-layout-flow wp-block-column-is-layout-flow" style="flex-basis:80%">
<h2 class="wp-block-heading" style="font-size:48px">Teléfono</h2>



<p style="font-size:24px"><strong>Principal:</strong> (458) 233-5327<br><strong>Programa de lanzamiento de empleo para personas sin hogar (HELP):</strong> (458) 262-0400</p>
</div>



<div class="wp-block-column is-layout-flow wp-block-column-is-layout-flow" style="flex-basis:10%"></div>
</div>



<div style="height:25px" aria-hidden="true" id="community" class="wp-block-spacer"></div>



<div class="wp-block-columns alignfull is-layout-flex wp-container-core-columns-is-layout-28f84493 wp-block-columns-is-layout-flex">
<div class="wp-block-column is-layout-flow wp-block-column-is-layout-flow" style="flex-basis:10%"></div>



<div class="wp-block-column is-layout-flow wp-block-column-is-layout-flow" style="flex-basis:80%">
<h2 class="wp-block-heading" style="font-size:48px">Correo electrónico</h2>



<p style="font-size:24px"><strong>General: <a href="mailto:info@corvallisddc.com">info@corvallisddc.com</a></strong></p>
</div>



<div class="wp-block-column is-layout-flow wp-block-column-is-layout-flow" style="flex-basis:10%"></div>
</div>



<div style="height:25px" aria-hidden="true" id="community" class="wp-block-spacer"></div>



<div class="wp-block-columns alignfull is-layout-flex wp-container-core-columns-is-layout-28f84493 wp-block-columns-is-layout-flex">
<div class="wp-block-column is-layout-flow wp-block-column-is-layout-flow" style="flex-basis:10%"></div>



<div class="wp-block-column is-layout-flow wp-block-column-is-layout-flow" style="flex-basis:80%">
<h2 class="wp-block-heading" style="font-size:48px">Dirección postal</h2>



<p style="font-size:24px">Centro de acogida diurno de Corvallis<br>apartado de correos 1705<br>Corvallis, OR 97339</p>
</div>



<div class="wp-block-column is-layout-flow wp-block-column-is-layout-flow" style="flex-basis:10%"></div>
</div>



<div style="height:25px" aria-hidden="true" id="community" class="wp-block-spacer"></div>



<div class="wp-block-columns alignfull is-layout-flex wp-container-core-columns-is-layout-28f84493 wp-block-columns-is-layout-flex">
<div class="wp-block-column is-layout-flow wp-block-column-is-layout-flow" style="flex-basis:10%"></div>



<div class="wp-block-column is-layout-flow wp-block-column-is-layout-flow" style="flex-basis:80%">
<h2 class="wp-block-heading" style="font-size:48px">Dónde encontrarnos</h2>



<p style="font-size:24px">Centro de acogida diurno de Corvallis<br>530 SW Calle 4<br>Corvallis, OR 97333</p>
</div>



<div class="wp-block-column is-layout-flow wp-block-column-is-layout-flow" style="flex-basis:10%"></div>
</div>

<p>Contáctenos El centro de acogida está ubicado cerca de la esquina de Western Blvd y 4th Street en el centro de Corvallis, OR. Nuestro edificio está una cuadra al sur del centro de Safeway. Horario Necesidades básicas y servicios sociales sin cita previa 9 a. m. a 12 p. m., lunes a viernes Servicios sociales con cita previa 12 p. m. a 2 p. m., lunes a viernes&nbsp;<a class="more-link" href="https://corvallisddc.org/es/contact/">sigue leyendo <span class="screen-reader-text">&quot;Contacto&quot;</span></a></p>
