{"id":560,"date":"2022-03-24T15:56:17","date_gmt":"2022-03-24T22:56:17","guid":{"rendered":"https:\/\/corvallisddc.org\/?page_id=560"},"modified":"2025-03-08T15:49:47","modified_gmt":"2025-03-08T23:49:47","slug":"news-events","status":"publish","type":"page","link":"https:\/\/corvallisddc.org\/pt\/news-events\/","title":{"rendered":"Not\u00edcias e Eventos"},"content":{"rendered":"<div data-elementor-type=\"wp-page\" data-elementor-id=\"560\" class=\"elementor elementor-560\">\n\t\t\t\t\t\t<section class=\"elementor-section elementor-top-section elementor-element elementor-element-52f7238 elementor-section-boxed elementor-section-height-default elementor-section-height-default\" data-id=\"52f7238\" data-element_type=\"section\" data-e-type=\"section\">\n\t\t\t\t\t\t<div class=\"elementor-container elementor-column-gap-default\">\n\t\t\t\t\t<div class=\"elementor-column elementor-col-100 elementor-top-column elementor-element elementor-element-18c1e4f\" data-id=\"18c1e4f\" data-element_type=\"column\" data-e-type=\"column\">\n\t\t\t<div class=\"elementor-widget-wrap elementor-element-populated\">\n\t\t\t\t\t\t<div class=\"elementor-element elementor-element-4c4d59a elementor-widget elementor-widget-text-editor\" data-id=\"4c4d59a\" data-element_type=\"widget\" data-e-type=\"widget\" data-widget_type=\"text-editor.default\">\n\t\t\t\t<div class=\"elementor-widget-container\">\n\t\t\t\t\t\t\t\t\t<h3 style=\"text-align: center;\"><b>Eventos semanais recorrentes<\/b><\/h3><h2>\u00a0<\/h2><p style=\"text-align: center;\"><span style=\"color: #339966;\"><b>Segundas-feiras de sa\u00fade mental das 9h \u00e0s 12h<\/b><\/span><\/p><p style=\"text-align: center;\"><span style=\"color: #339966;\"><b>Corte de cabelo \u00e0s segundas-feiras das 9h \u00e0s 12h<\/b><\/span><\/p><p style=\"text-align: center;\"><span style=\"color: #339966;\"><b>Ter\u00e7as-feiras de arte das 13h \u00e0s 15h<\/b><\/span><\/p><p style=\"text-align: center;\"><span style=\"color: #339966;\"><b>Ter\u00e7as-feiras de cinema \u00e0s 12h no Whiteside Theatre<\/b><\/span><\/p><p style=\"text-align: center;\"><span style=\"font-weight: 400;\">***Fique ligado em nossa pr\u00f3xima cl\u00ednica de vacina\u00e7\u00e3o contra gripe e COVID-19 em parceria com o Departamento de Sa\u00fade do Condado de Benton***<\/span><\/p><p><span style=\"font-weight: 400;\">\u00a0<\/span><\/p><p><span style=\"font-weight: 400;\">\u00a0<\/span><\/p><h3 style=\"text-align: center;\"><b>Not\u00edcias\u00a0<\/b><b>sobre o CDDC<\/b><\/h3><p>\u00a0<\/p><p style=\"text-align: center;\"><em>Corvallis Gazette-Times<\/em>:<\/p><p style=\"text-align: center;\"><a href=\"https:\/\/gazettetimes.com\/search\/\">CLIQUE AQUI<\/a> para artigos relacionados ao CDDC, falta de moradia.<\/p><p>\u00a0<\/p><p style=\"text-align: center;\"><em>Advogado Corvallis:<\/em><\/p><p style=\"text-align: center;\"><a href=\"http:\/\/Book Bin Displays Art, Stories of People Displaced by Sweeps\" data-wplink-url-error=\"true\">Book Bin exibe arte e hist\u00f3rias de pessoas deslocadas por varreduras<\/a><\/p><p style=\"text-align: center;\">27 de novembro de 2021<b><br \/><\/b><\/p><p><span style=\"font-weight: 400;\">\u00a0<\/span><span style=\"font-weight: 400;\">\u00a0<\/span><\/p><p><span style=\"font-weight: 400;\">\u00a0<\/span><\/p><h3 style=\"text-align: center;\"><b>M\u00eddia<\/b><\/h3><p style=\"text-align: center;\">(CLIQUE no t\u00edtulo da m\u00eddia para acessar o artigo.)<\/p><h4><span style=\"text-decoration: underline; color: #000000;\"><a style=\"color: #000000;\" href=\"https:\/\/apeaceofmymind.org\/\"><em><b>Uma paz de esp\u00edrito<\/b><\/em><\/a><\/span><\/h4><p>\u00a0<\/p><p><strong><a href=\"https:\/\/apeaceofmymind.org\/2023\/10\/26\/belonging-2\/\">PERTENCENDO OUT 2023<\/a><\/strong><\/p><p>\u00a0<\/p><p><strong><a href=\"https:\/\/apeaceofmymind.org\/2021\/07\/24\/listen-2\/\">OU\u00c7A-2 JULHO 2021<\/a><\/strong><\/p><p>\u00a0<\/p><p><span style=\"font-weight: 400;\">O CDDC teve a honra de receber o premiado fot\u00f3grafo John Noltner. DUAS VEZES! Seu projeto, \u201cA Peace of My Mind\u201d, \u00e9 uma iniciativa de artes multim\u00eddia que usa retratos e hist\u00f3rias pessoais para unir divis\u00f5es e encorajar o di\u00e1logo em torno de quest\u00f5es importantes. Por meio de exposi\u00e7\u00f5es, workshops, palestras, est\u00fadios no local e ensino \u00e0 dist\u00e2ncia, \u201cA Peace of My Mind\u201d lidera experi\u00eancias transformadoras que ajudam um mundo polarizado a redescobrir a humanidade comum que conecta todos n\u00f3s.<\/span><\/p><p>\u00a0<\/p><p><strong>CLIQUE<\/strong> nos t\u00edtulos <span style=\"font-family: var(--font-base, 'Rubik', Trebuchet MS, Lucida Grande, Lucida Sans Unicode, Lucida Sans, Tahoma, sans-serif);\">acima<\/span><span style=\"font-size: 1em; font-family: var(--font-base, 'Rubik', Trebuchet MS, Lucida Grande, Lucida Sans Unicode, Lucida Sans, Tahoma, sans-serif);\">, \u201cBELONGING\u201d e \u201cLISTEN-2\u201d para ver os projetos Corvallis!<\/span><\/p><p>\u00a0<\/p><h4><span style=\"text-decoration: underline;\"><span style=\"color: #000000;\"><em><strong><a style=\"color: #000000; text-decoration: underline;\" href=\"https:\/\/videopress.com\/v\/HjlyndYM?resizeToParent=true&amp;cover=true&amp;preloadContent=metadata&amp;useAverageColor=true\">A Import\u00e2ncia de Ser Solid\u00e1rio, 2019<\/a><\/strong><\/em><\/span><\/span><\/h4><p><span style=\"font-weight: 400;\">\u00a0<\/span><\/p><h4><span style=\"text-decoration: underline; color: #000000;\"><a style=\"color: #000000;\" href=\"https:\/\/corvallisddc.org\/pt\/local-folks-podcast\/\"><em><b>S\u00e9rie de podcasts sobre pessoas locais, <\/b><b>2019<\/b><\/em><\/a><\/span><\/h4><p>\u00a0<\/p><p><span style=\"font-weight: 400;\">Aonde moradores de rua podem ir quando precisam de um par de meias secas ou um par de sapatos, um peda\u00e7o de barbante para amarrar algo, uma ferramenta para consertar sua bicicleta ou ajuda para obter uma nova identidade? A terceira temporada do Local Folks Podcast foca no Corvallis Daytime Drop-in Center \u2013 uma organiza\u00e7\u00e3o cuja miss\u00e3o \u00e9 fornecer servi\u00e7os necess\u00e1rios para pessoas que vivem na pobreza e est\u00e3o passando por situa\u00e7\u00e3o de rua.\u00a0<\/span><\/p><p>\u00a0<\/p><p><a href=\"https:\/\/corvallisddc.org\/pt\/local-folks-podcast\/\"><b>CLIQUE AQUI<\/b><span style=\"font-weight: 400;\"> para ouvir todos os 7 epis\u00f3dios apresentados por Bob Madar.<\/span><\/a><\/p><p><span style=\"font-weight: 400;\">\u00a0<\/span><\/p><p><span style=\"font-weight: 400;\">\u00a0<\/span><\/p><p><span style=\"font-weight: 400;\">\u00a0<\/span><\/p><h2><b>Not\u00edcias e eventos arquivados<\/b><\/h2><p><a href=\"https:\/\/corvallisddc.org\/pt\/archives\/\"><span style=\"font-weight: 400;\">Veja nossos eventos e postagens arquivadas anteriores aqui<\/span><\/a><\/p><p><span style=\"font-weight: 400;\">\u00a0<\/span><\/p>\t\t\t\t\t\t\t\t<\/div>\n\t\t\t\t<\/div>\n\t\t\t\t\t<\/div>\n\t\t<\/div>\n\t\t\t\t\t<\/div>\n\t\t<\/section>\n\t\t\t\t<\/div>","protected":false},"excerpt":{"rendered":"<p>Eventos Semanais Recorrentes: Segundas-feiras de Sa\u00fade Mental, das 9h \u00e0s 12h; Segundas-feiras de Corte de Cabelo, das 9h \u00e0s 12h; Ter\u00e7as-feiras de Arte, das 13h \u00e0s 15h; Ter\u00e7as-feiras de Cinema, \u00e0s 12h, no Teatro Whiteside. ***Fique atento(a) para nossa pr\u00f3xima cl\u00ednica de vacina\u00e7\u00e3o contra gripe e COVID-19 em parceria com o Departamento de Sa\u00fade do Condado de Benton.*** \u00a0<a class=\"more-link\" href=\"https:\/\/corvallisddc.org\/pt\/news-events\/\">Continuar lendo <span class=\"screen-reader-text\">\u201cNot\u00edcias e Eventos\u201d<\/span><\/a><\/p>","protected":false},"author":212331932,"featured_media":0,"parent":0,"menu_order":0,"comment_status":"closed","ping_status":"closed","template":"","meta":{"advanced_seo_description":"","jetpack_seo_html_title":"","jetpack_seo_noindex":false,"footnotes":""},"class_list":["post-560","page","type-page","status-publish","hentry","entry"],"jetpack_likes_enabled":true,"jetpack_sharing_enabled":true,"jetpack_shortlink":"https:\/\/wp.me\/PdkkQs-92","amp_enabled":true,"_links":{"self":[{"href":"https:\/\/corvallisddc.org\/pt\/wp-json\/wp\/v2\/pages\/560","targetHints":{"allow":["GET"]}}],"collection":[{"href":"https:\/\/corvallisddc.org\/pt\/wp-json\/wp\/v2\/pages"}],"about":[{"href":"https:\/\/corvallisddc.org\/pt\/wp-json\/wp\/v2\/types\/page"}],"author":[{"embeddable":true,"href":"https:\/\/corvallisddc.org\/pt\/wp-json\/wp\/v2\/users\/212331932"}],"replies":[{"embeddable":true,"href":"https:\/\/corvallisddc.org\/pt\/wp-json\/wp\/v2\/comments?post=560"}],"version-history":[{"count":100,"href":"https:\/\/corvallisddc.org\/pt\/wp-json\/wp\/v2\/pages\/560\/revisions"}],"predecessor-version":[{"id":4483,"href":"https:\/\/corvallisddc.org\/pt\/wp-json\/wp\/v2\/pages\/560\/revisions\/4483"}],"wp:attachment":[{"href":"https:\/\/corvallisddc.org\/pt\/wp-json\/wp\/v2\/media?parent=560"}],"curies":[{"name":"wp","href":"https:\/\/api.w.org\/{rel}","templated":true}]}}

Notícias e Eventos

<div data-elementor-type="wp-page" data-elementor-id="560" class="elementor elementor-560">
						<section class="elementor-section elementor-top-section elementor-element elementor-element-52f7238 elementor-section-boxed elementor-section-height-default elementor-section-height-default" data-id="52f7238" data-element_type="section" data-e-type="section">
						<div class="elementor-container elementor-column-gap-default">
					<div class="elementor-column elementor-col-100 elementor-top-column elementor-element elementor-element-18c1e4f" data-id="18c1e4f" data-element_type="column" data-e-type="column">
			<div class="elementor-widget-wrap elementor-element-populated">
						<div class="elementor-element elementor-element-4c4d59a elementor-widget elementor-widget-text-editor" data-id="4c4d59a" data-element_type="widget" data-e-type="widget" data-widget_type="text-editor.default">
				<div class="elementor-widget-container">
									<h3 style="text-align: center;"><b>Eventos semanais recorrentes</b></h3><h2> </h2><p style="text-align: center;"><span style="color: #339966;"><b>Segundas-feiras de saúde mental das 9h às 12h</b></span></p><p style="text-align: center;"><span style="color: #339966;"><b>Corte de cabelo às segundas-feiras das 9h às 12h</b></span></p><p style="text-align: center;"><span style="color: #339966;"><b>Terças-feiras de arte das 13h às 15h</b></span></p><p style="text-align: center;"><span style="color: #339966;"><b>Terças-feiras de cinema às 12h no Whiteside Theatre</b></span></p><p style="text-align: center;"><span style="font-weight: 400;">***Fique ligado em nossa próxima clínica de vacinação contra gripe e COVID-19 em parceria com o Departamento de Saúde do Condado de Benton***</span></p><p><span style="font-weight: 400;"> </span></p><p><span style="font-weight: 400;"> </span></p><h3 style="text-align: center;"><b>Notícias </b><b>sobre o CDDC</b></h3><p> </p><p style="text-align: center;"><em>Corvallis Gazette-Times</em>:</p><p style="text-align: center;"><a href="https://gazettetimes.com/search/">CLIQUE AQUI</a> para artigos relacionados ao CDDC, falta de moradia.</p><p> </p><p style="text-align: center;"><em>Advogado Corvallis:</em></p><p style="text-align: center;"><a href="http://Book Bin Displays Art, Stories of People Displaced by Sweeps" data-wplink-url-error="true">Book Bin exibe arte e histórias de pessoas deslocadas por varreduras</a></p><p style="text-align: center;">27 de novembro de 2021<b><br /></b></p><p><span style="font-weight: 400;"> </span><span style="font-weight: 400;"> </span></p><p><span style="font-weight: 400;"> </span></p><h3 style="text-align: center;"><b>Mídia</b></h3><p style="text-align: center;">(CLIQUE no título da mídia para acessar o artigo.)</p><h4><span style="text-decoration: underline; color: #000000;"><a style="color: #000000;" href="https://apeaceofmymind.org/"><em><b>Uma paz de espírito</b></em></a></span></h4><p> </p><p><strong><a href="https://apeaceofmymind.org/2023/10/26/belonging-2/">PERTENCENDO OUT 2023</a></strong></p><p> </p><p><strong><a href="https://apeaceofmymind.org/2021/07/24/listen-2/">OUÇA-2 JULHO 2021</a></strong></p><p> </p><p><span style="font-weight: 400;">O CDDC teve a honra de receber o premiado fotógrafo John Noltner. DUAS VEZES! Seu projeto, “A Peace of My Mind”, é uma iniciativa de artes multimídia que usa retratos e histórias pessoais para unir divisões e encorajar o diálogo em torno de questões importantes. Por meio de exposições, workshops, palestras, estúdios no local e ensino à distância, “A Peace of My Mind” lidera experiências transformadoras que ajudam um mundo polarizado a redescobrir a humanidade comum que conecta todos nós.</span></p><p> </p><p><strong>CLIQUE</strong> nos títulos <span style="font-family: var(--font-base, 'Rubik', Trebuchet MS, Lucida Grande, Lucida Sans Unicode, Lucida Sans, Tahoma, sans-serif);">acima</span><span style="font-size: 1em; font-family: var(--font-base, 'Rubik', Trebuchet MS, Lucida Grande, Lucida Sans Unicode, Lucida Sans, Tahoma, sans-serif);">, “BELONGING” e “LISTEN-2” para ver os projetos Corvallis!</span></p><p> </p><h4><span style="text-decoration: underline;"><span style="color: #000000;"><em><strong><a style="color: #000000; text-decoration: underline;" href="https://videopress.com/v/HjlyndYM?resizeToParent=true&amp;cover=true&amp;preloadContent=metadata&amp;useAverageColor=true">A Importância de Ser Solidário, 2019</a></strong></em></span></span></h4><p><span style="font-weight: 400;"> </span></p><h4><span style="text-decoration: underline; color: #000000;"><a style="color: #000000;" href="https://corvallisddc.org/pt/local-folks-podcast/"><em><b>Série de podcasts sobre pessoas locais, </b><b>2019</b></em></a></span></h4><p> </p><p><span style="font-weight: 400;">Aonde moradores de rua podem ir quando precisam de um par de meias secas ou um par de sapatos, um pedaço de barbante para amarrar algo, uma ferramenta para consertar sua bicicleta ou ajuda para obter uma nova identidade? A terceira temporada do Local Folks Podcast foca no Corvallis Daytime Drop-in Center – uma organização cuja missão é fornecer serviços necessários para pessoas que vivem na pobreza e estão passando por situação de rua. </span></p><p> </p><p><a href="https://corvallisddc.org/pt/local-folks-podcast/"><b>CLIQUE AQUI</b><span style="font-weight: 400;"> para ouvir todos os 7 episódios apresentados por Bob Madar.</span></a></p><p><span style="font-weight: 400;"> </span></p><p><span style="font-weight: 400;"> </span></p><p><span style="font-weight: 400;"> </span></p><h2><b>Notícias e eventos arquivados</b></h2><p><a href="https://corvallisddc.org/pt/archives/"><span style="font-weight: 400;">Veja nossos eventos e postagens arquivadas anteriores aqui</span></a></p><p><span style="font-weight: 400;"> </span></p>								</div>
				</div>
					</div>
		</div>
					</div>
		</section>
				</div>

<p>Eventos Semanais Recorrentes: Segundas-feiras de Saúde Mental, das 9h às 12h; Segundas-feiras de Corte de Cabelo, das 9h às 12h; Terças-feiras de Arte, das 13h às 15h; Terças-feiras de Cinema, às 12h, no Teatro Whiteside. ***Fique atento(a) para nossa próxima clínica de vacinação contra gripe e COVID-19 em parceria com o Departamento de Saúde do Condado de Benton.***  <a class="more-link" href="https://corvallisddc.org/pt/news-events/">Continuar lendo <span class="screen-reader-text">“Notícias e Eventos”</span></a></p>
